
88
Calculate the highest common divisor of 42966 and 294.
42
Calculate the highest common factor of 168 and 319920.
24
What is the greatest common divisor of 82342 and 494?
26
Calculate the greatest common factor of 35068 and 308.
44
Calculate the highest common divisor of 848 and 118932.
212
Calculate the greatest common factor of 1408 and 494032.
176
What is the highest common divisor of 12 and 192153?
3
What is the highest common factor of 3854 and 246?
82
Calculate the greatest common factor of 83916 and 5103.
567
Calculate the greatest common factor of 87125 and 250.
125
What is the highest common divisor of 1866 and 92?
2
What is the highest common factor of 166153 and 52?
13
Calculate the greatest common factor of 20 and 2164.
4
What is the highest common divisor of 210 and 52710?
210
What is the highest common factor of 18 and 1342?
2
What is the highest common factor of 173460 and 840?
420
Calculate the highest common factor of 1102 and 3914.
38
Calculate the greatest common factor of 56071 and 4324.
47
Calculate the greatest common factor of 235104 and 237.
237
Calculate the highest common divisor of 371210 and 15.
5
What is the greatest common divisor of 375 and 102?
3
Calculate the highest common factor of 826335 and 270.
135
Calculate the greatest common divisor of 216 and 688.
8
Calculate the highest common factor of 58844 and 16.
4
What is the greatest common divisor of 518 and 132958?
14
Calculate the highest common divisor of 9 and 320718.
3
Calculate the greatest common divisor of 45 and 72477.
9
Calculate the greatest common factor of 2327580 and 45.
45
What is the greatest common divisor of 238 and 10285?
17
Calculate the highest common factor of 111237 and 147.
21
Calculate the highest common factor of 35313 and 474.
237
What is the highest common divisor of 2448327 and 21?
21
Calculate the highest common divisor of 41 and 125091.
41
Calculate the greatest common divisor of 395 and 5305.
5
What is the greatest common factor of 45 and 203895?
45
What is the highest common factor of 425 and 3950?
25
Calculate the highest common divisor of 169784 and 361.
19
What is the greatest common factor of 20 and 2062035?
5
What is the highest common factor of 430 and 37238?
86
Calculate the greatest common divisor of 3588 and 4002.
138
What is the highest common factor of 74 and 72002?
74
What is the highest common factor of 234 and 95589?
117
Calculate the highest common factor of 6 and 1430718.
6
What is the highest common divisor of 3579880 and 310?
310
Calculate the greatest common factor of 33725 and 142.
71
What is the highest common divisor of 1948 and 84251?
487
What is the greatest common divisor of 9913 and 7327?
431
Calculate the greatest common factor of 1182001 and 1655.
331
Calculate the greatest common divisor of 29 and 69107.
29
Calculate the highest common factor of 44080 and 20672.
304
What is the highest common factor of 24550 and 70?
10
What is the highest common factor of 2043645 and 615?
615
Calculate the greatest common factor of 4396 and 336.
28
Calculate the greatest common divisor of 5122 and 52.
26
What is the greatest common divisor of 92780 and 350?
10
What is the highest common divisor of 11352 and 308?
44
What is the greatest common factor of 3096 and 450?
18
Calculate the highest common factor of 1112 and 220732.
556
What is the greatest common divisor of 14496 and 667722?
906
Calculate the highest common factor of 1080 and 344880.
360
Calculate the highest common divisor of 571690 and 630.
70
Calculate the greatest common factor of 59944 and 531.
59
Calculate the highest common divisor of 24 and 565644.
12
What is the greatest common factor of 63 and 1830927?
21
What is the highest common divisor of 72 and 96936?
24
What is the greatest common factor of 386 and 624934?
386
What is the highest common divisor of 215 and 546100?
215
Calculate the greatest common divisor of 1526 and 147150.
218
Calculate the greatest common divisor of 38610 and 2190.
30
Calculate the greatest common factor of 80 and 1099.
1
Calculate the greatest common divisor of 792 and 429.
33
What is the highest common factor of 476 and 11606?
14
Calculate the highest common divisor of 54070 and 30.
10
Calculate the greatest common divisor of 89408 and 132.
44
What is the greatest common divisor of 8481 and 627?
33
What is the highest common divisor of 14 and 95718?
14
What is the greatest common factor of 387434 and 20823?
631
What is the greatest common factor of 820380 and 12?
12
Calculate the greatest common factor of 62265 and 203.
7
Calculate the greatest common divisor of 28032 and 160.
32
Calculate the greatest common factor of 7224 and 399.
21
What is the greatest common divisor of 1075 and 1975?
25
Calculate the highest common divisor of 1116 and 3627.
279
Calculate the greatest common factor of 800 and 25451200.
800
Calculate the greatest common factor of 166974 and 204.
102
Calculate the greatest common divisor of 1544605 and 5.
5
What is the highest common divisor of 275792 and 1584?
176
What is the highest common factor of 27258 and 1617?
231
What is the highest common factor of 4938 and 3414?
6
Calculate the greatest common factor of 69631 and 179.
179
Calculate the greatest common divisor of 10989 and 792.
99
What is the highest common factor of 4588 and 8?
4
Calculate the greatest common factor of 3241 and 18057.
463
What is the highest common divisor of 4185 and 54126?
279
What is the highest common divisor of 26627230 and 2905?
2905
Calculate the highest common factor of 480240 and 270.
90
What is the highest common factor of 2686035 and 223?
223
Calculate the greatest common divisor of 184 and 2254.
46
Calculate the greatest common divisor of 66504 and 816.
408
What is the highest common divisor of 9460 and 27821?
43
Calculate the greatest common factor of 105160 and 550.
110
What is the greatest common factor of 6578 and 368?
46
Calculate the highest common factor of 4 and 2242.
2
Calculate the greatest common factor of 420336 and 208.
16
Calculate the greatest common divisor of 155515 and 99857.
1637
What is the highest common factor of 30884 and 756?
28
Calculate the highest common factor of 85 and 8438460.
85
Calculate the highest common divisor of 437340 and 10.
10
Calculate the greatest common factor of 44 and 6652.
4
What is the highest common factor of 1482705 and 34020?
2835
What is the highest common factor of 162 and 421146?
54
What is the greatest common factor of 171 and 9741?
3
What is the greatest common factor of 35 and 275765?
35
What is the greatest common divisor of 152 and 55032?
8
Calculate the greatest common divisor of 12194 and 546.
182
Calculate the greatest common factor of 4392 and 3960.
72
What is the highest common factor of 32547 and 57?
57
Calculate the greatest common factor of 263577 and 1545.
309
Calculate the highest common divisor of 1970 and 135536.
394
What is the highest common factor of 80 and 248?
8
What is the greatest common factor of 12199 and 517?
11
What is the highest common factor of 2299040 and 80?
80
What is the highest common factor of 1955 and 5185?
85
What is the highest common divisor of 27428 and 118?
2
Calculate the greatest common divisor of 48392 and 368.
184
What is the greatest common factor of 174039 and 3?
3
Calculate the highest common factor of 13498 and 1462.
34
Calculate the greatest common divisor of 1841919 and 4626.
771
Calculate the greatest common divisor of 9120 and 660.
60
Calculate the greatest common factor of 147 and 21987.
21
Calculate the greatest common factor of 9210 and 213.
3
What is the highest common factor of 2242 and 75992?
118
What is the greatest common divisor of 575 and 25231?
23
What is the highest common divisor of 2916 and 84?
12
Calculate the greatest common divisor of 30 and 7032.
6
Calculate the highest common factor of 8955 and 15.
15
What is the greatest common factor of 402543 and 17?
17
What is the highest common factor of 55575 and 4104?
171
What is the highest common divisor of 903 and 2709?
903
What is the highest common factor of 14366 and 308?
22
Calculate the greatest common divisor of 28 and 19446.
14
Calculate the highest common factor of 927 and 178499.
103
Calculate the highest common factor of 50 and 8